

{"id":974,"date":"2012-04-11T16:55:50","date_gmt":"2012-04-11T15:55:50","guid":{"rendered":"http:\/\/satinfo.es\/web-wp\/?page_id=974"},"modified":"2012-04-13T12:43:53","modified_gmt":"2012-04-13T11:43:53","slug":"informacion-sobre-componentes-spywareadware","status":"publish","type":"page","link":"https:\/\/satinfo.es\/web-wp\/index.php\/informacion-sobre-componentes-spywareadware\/","title":{"rendered":"Informaci\u00f3n sobre componentes Spyware\/Adware"},"content":{"rendered":"<h2 style=\"text-align: justify;\">Informaci\u00f3n sobre componentes Spyware\/Adware<\/h2>\n<p style=\"text-align: justify;\"><span style=\"font-family: Arial; color: #000000;\">Durante mucho tiempo, los riesgos de navegar por la Red se centraban principalmente en la existencia de virus, gusanos, troyanos, y tambi\u00e9n en los problemas de intrusismo. Todos ellos han ido evolucionado con el tiempo, debido a la aparici\u00f3n de nuevos sistemas operativos, y gracias al gran incremento del n\u00famero de conexiones a Internet. Actualmente existen muchas soluciones en el mercado para combatir estas amenazas.<\/span><\/p>\n<p style=\"text-align: justify;\"><span style=\"font-family: Arial; color: #000000;\">Sin embargo, la tecnolog\u00eda tambi\u00e9n ha abierto camino a nuevas modalidades indeseadas, que van muy en aumento, denominadas Spyware y\/o Adware.<\/span><\/p>\n<p style=\"text-align: justify;\"><span style=\"font-family: Arial; color: #000000;\">Spyware es un t\u00e9rmino general para definir un programa que pretende recopilar informaci\u00f3n sobre la conducta de navegaci\u00f3n del usuario, sin el consentimiento del mismo, y con la finalidad de compartir estos datos con otras partes interesadas cuyo objetivo es hacer llegar propaganda online de manera no solicitada, ya sea en forma de pop-ups mientras se est\u00e1 conectado a Internet o mediante spam publicitario a trav\u00e9s del correo electr\u00f3nico.<\/span><\/p>\n<p style=\"text-align: justify;\"><span style=\"font-family: Arial; color: #000000;\">En la mayoria de casos, la instalaci\u00f3n de componentes Spyware se realiza paralelamente a la instalaci\u00f3n de descargas gratuitas que se ofrecen por Internet (por ejemplo, la mayor\u00eda de aplicaciones peer-to-peer, para intercambio de archivos) o por la simple entrada en determinadas p\u00e1ginas web, y sin la aprobaci\u00f3n del usuario. En algunos casos provienen de fuentes consideradas te\u00f3ricamente &#8216;de confianza&#8217;.<\/span><\/p>\n<p style=\"text-align: justify;\"><span style=\"font-family: Arial; color: #000000;\">Ocasionalmente, la acumulaci\u00f3n de elementos spyware\/adware instalados en el sistema pueden provocar diferentes efectos, como la ralentizaci\u00f3n del equipo, problemas de navegaci\u00f3n, incluso p\u00e9rdida de acceso a Internet, aparte de la captura de informaci\u00f3n antes indicada, con las molestias que ello puede ocasionar.<\/span><\/p>\n<p style=\"text-align: justify;\"><span style=\"font-family: Arial; color: #000000;\">Todo y no tratarse de componentes v\u00edricos, McAfee ha comenzado a detectar la presencia de los spyware m\u00e1s notables, dentro de la detecci\u00f3n de <em>programas potencialmente no deseados<\/em>. La versi\u00f3n VirusScan Enterprise 8.0i ha mejorado dicho control, y para activarlo, es preciso configurar las <em>directivas sobre programas no deseados<\/em>, desde la consola de VirusScan<em>,<\/em> marcando las casillas <em>spyware <\/em>y<em> adware. <\/em>Luego, para activar las directivas anteriores, marcar la opci\u00f3n <em>Detectar programas no deseados, <\/em>en las propiedades del <em>an\u00e1lisis en tiempo real.<\/em><\/span><\/p>\n<p style=\"text-align: justify;\"><span style=\"font-size: small; color: #000000;\"><span style=\"font-family: Arial;\">Las detecciones de spyware no son eliminadas por el antivirus, al no tratarse de virus, al igual que otros programas potencialmente peligrosos. Para esta funci\u00f3n recomendamos dos herramientas de terceros que son fiables:<\/span><\/span><\/p>\n<p style=\"text-align: justify;\"><span style=\"color: #000000;\"><span style=\"text-decoration: underline;\"><a href=\"http:\/\/www.safer-networking.org\/en\/mirrors\/\"><span style=\"font-family: Arial; font-size: small; color: #000000; text-decoration: underline;\">SpyBot-S&amp;D<\/span><\/a><\/span><span style=\"font-family: Arial;\"><span style=\"font-size: small;\"> (gratuita)<br \/>\n<\/span><a href=\"http:\/\/www.lavasoftusa.com\/spanish\/support\/download\/\"><span style=\"font-size: small; color: #000000;\"><span style=\"text-decoration: underline;\">Ad-aware<\/span><\/span><\/a><span style=\"font-size: small;\"> (gratuita para uso no comercial).<\/span><br \/>\n<\/span><\/span><\/p>\n<p style=\"text-align: justify;\"><span style=\"font-size: small; color: #000000;\"><span style=\"font-family: Arial;\">Asimismo, recordamos que en el apartado <a href=\"http:\/\/www.satinfo.es\/links.html\"><span style=\"color: #000000;\">Descargas | Enlaces de Inter\u00e9s<\/span><\/a> de nuestra web www.satinfo.es, disponen de los enlaces anteriores as\u00ed como otros de herramientas complementarias tambi\u00e9n gratuitas.<\/span><\/span><\/p>\n<p style=\"text-align: justify;\"><span style=\"font-family: Arial; color: #000000;\"><strong><span style=\"font-size: small;\">SATINFO<\/span><span style=\"font-size: small;\">, VIRUSCAN SPAIN SERVICE 28 de Octubre de 2004<\/span><\/strong><\/span><\/p>\n","protected":false},"excerpt":{"rendered":"<p>Informaci\u00f3n sobre componentes Spyware\/Adware Durante mucho tiempo, los riesgos de navegar por la Red se centraban principalmente en la existencia de virus, gusanos, troyanos, y tambi\u00e9n en los problemas de intrusismo. Todos ellos han ido evolucionado con el tiempo, debido a la aparici\u00f3n de nuevos sistemas operativos, y gracias al gran incremento del n\u00famero de&nbsp;<a href=\"https:\/\/satinfo.es\/web-wp\/index.php\/informacion-sobre-componentes-spywareadware\/\" class=\"read-more\">Continue Reading<\/a><\/p>\n","protected":false},"author":41,"featured_media":0,"parent":0,"menu_order":0,"comment_status":"closed","ping_status":"open","template":"page-fullwidth.php","meta":{"_monsterinsights_skip_tracking":false,"_monsterinsights_sitenote_active":false,"_monsterinsights_sitenote_note":"","_monsterinsights_sitenote_category":0,"footnotes":""},"class_list":["post-974","page","type-page","status-publish","hentry"],"aioseo_notices":[],"_links":{"self":[{"href":"https:\/\/satinfo.es\/web-wp\/index.php\/wp-json\/wp\/v2\/pages\/974","targetHints":{"allow":["GET"]}}],"collection":[{"href":"https:\/\/satinfo.es\/web-wp\/index.php\/wp-json\/wp\/v2\/pages"}],"about":[{"href":"https:\/\/satinfo.es\/web-wp\/index.php\/wp-json\/wp\/v2\/types\/page"}],"author":[{"embeddable":true,"href":"https:\/\/satinfo.es\/web-wp\/index.php\/wp-json\/wp\/v2\/users\/41"}],"replies":[{"embeddable":true,"href":"https:\/\/satinfo.es\/web-wp\/index.php\/wp-json\/wp\/v2\/comments?post=974"}],"version-history":[{"count":0,"href":"https:\/\/satinfo.es\/web-wp\/index.php\/wp-json\/wp\/v2\/pages\/974\/revisions"}],"wp:attachment":[{"href":"https:\/\/satinfo.es\/web-wp\/index.php\/wp-json\/wp\/v2\/media?parent=974"}],"curies":[{"name":"wp","href":"https:\/\/api.w.org\/{rel}","templated":true}]}}