

{"id":653,"date":"2012-03-05T12:15:05","date_gmt":"2012-03-05T11:15:05","guid":{"rendered":"http:\/\/satinfo.es\/web-wp\/?page_id=653"},"modified":"2017-04-25T17:07:16","modified_gmt":"2017-04-25T16:07:16","slug":"utilidades-de-satinfo","status":"publish","type":"page","link":"https:\/\/satinfo.es\/web-wp\/index.php\/descargas\/utilidades-de-satinfo\/","title":{"rendered":"UTILIDADES DE SATINFO"},"content":{"rendered":"<div class=\"wrapper\">\n<div class=\"one_third \"><h1>DESCARGAS<\/h1>\n<dl class=\"services\">\n<dt class=\"padding_descarga\"><a class=\"azul\" href=\"https:\/\/satinfo.es\/web-wp\/index.php\/descargas\/ficheros-dat-y-superdats-disponibles\/\">Ficheros DAT y SuperDats disponibles<\/a><\/dt>\n<dt class=\"padding_descarga\"><a class=\"azul\" href=\"..\/descarga-de-productos\">Descarga de productos McAfee<\/a><\/dt>\n<dt class=\"padding_descarga\"><a class=\"azul\" href=\"..\/evaluaciones\">Evaluaciones de McAfee<\/a><\/dt>\n<dt class=\"padding_descarga\"><a class=\"azul\" href=\"..\/descarga-de-productos-kaspersky\">Descarga de productos Kaspersky<\/a><\/dt>\n<dt class=\"padding_descarga\"><a class=\"azul\" href=\"..\/utilidades-de-satinfo\">Utilidades de Satinfo<\/a><\/dt>\n<dt class=\"padding_descarga\"><a class=\"azul\" href=\"..\/enlaces-de-interes\">Enlaces de Inter\u00e9s<\/a><\/dt>\n<\/dl><\/div> <div class=\"two_third last\"><h1>UTILIDADES DE SATINFO<\/h1>\n<h6>La siguiente colecci\u00f3n de Utilidades las ofrece SATINFO como complemento al uso del antivirus, y han sido dise\u00f1adas principalmente para solucionar problemas causados por virus, o bien para reforzar la configuraci\u00f3n de su producto antivirus. Nuestro equipo de soporte t\u00e9cnico le ayudar\u00e1 a seleccionar la utilidad que necesite en cada momento.<br \/>\n<span style=\"color: #f00;\">IMPORTANTE:Por favor, no utilice estas herramientas si no est\u00e1 seguro de su necesidad, ya que un uso no correcto podr\u00eda derivar en un da\u00f1o peor que el que pretende corregir.<\/span><\/h6>\n<h2 class=\"margen30 azul\">Utilidades de SATINFO<\/h2>\n<table>\n<tbody>\n<tr>\n<td class=\"download\"><strong>Utilidades de descarga mas frecuente <\/strong><\/td>\n<td style=\"float: right;\"><a href=\"utilidades_de_descarga_mas_frecuente\"><img decoding=\"async\" src=\"https:\/\/satinfo.es\/web-wp\/wp-content\/uploads\/2012\/02\/bt_acceder.png\" alt=\"\" \/><\/a><\/td>\n<\/tr>\n<tr>\n<td class=\"download\"><strong>A &#8211; D<\/strong><\/td>\n<td style=\"float: right;\"><a href=\"a-d\"><img decoding=\"async\" src=\"https:\/\/satinfo.es\/web-wp\/wp-content\/uploads\/2012\/02\/bt_acceder.png\" alt=\"\" \/><\/a><\/td>\n<\/tr>\n<tr>\n<td class=\"download\"><strong>E &#8211; K<\/strong><\/td>\n<td style=\"float: right;\"><a href=\"e-k\"><img decoding=\"async\" src=\"https:\/\/satinfo.es\/web-wp\/wp-content\/uploads\/2012\/02\/bt_acceder.png\" alt=\"\" \/><\/a><\/td>\n<\/tr>\n<tr>\n<td class=\"download\"><strong>L &#8211; Z<\/strong><\/td>\n<td style=\"float: right;\"><a href=\"l-z\"><img decoding=\"async\" src=\"https:\/\/satinfo.es\/web-wp\/wp-content\/uploads\/2012\/02\/bt_acceder.png\" alt=\"\" \/><\/a><\/td>\n<\/tr>\n<\/tbody>\n<\/table><\/div><div class=\"clear\"><\/div>\n<\/div>\n","protected":false},"excerpt":{"rendered":"","protected":false},"author":41,"featured_media":0,"parent":318,"menu_order":0,"comment_status":"closed","ping_status":"open","template":"page-fullwidth.php","meta":{"_monsterinsights_skip_tracking":false,"_monsterinsights_sitenote_active":false,"_monsterinsights_sitenote_note":"","_monsterinsights_sitenote_category":0,"footnotes":""},"class_list":["post-653","page","type-page","status-publish","hentry"],"aioseo_notices":[],"_links":{"self":[{"href":"https:\/\/satinfo.es\/web-wp\/index.php\/wp-json\/wp\/v2\/pages\/653","targetHints":{"allow":["GET"]}}],"collection":[{"href":"https:\/\/satinfo.es\/web-wp\/index.php\/wp-json\/wp\/v2\/pages"}],"about":[{"href":"https:\/\/satinfo.es\/web-wp\/index.php\/wp-json\/wp\/v2\/types\/page"}],"author":[{"embeddable":true,"href":"https:\/\/satinfo.es\/web-wp\/index.php\/wp-json\/wp\/v2\/users\/41"}],"replies":[{"embeddable":true,"href":"https:\/\/satinfo.es\/web-wp\/index.php\/wp-json\/wp\/v2\/comments?post=653"}],"version-history":[{"count":0,"href":"https:\/\/satinfo.es\/web-wp\/index.php\/wp-json\/wp\/v2\/pages\/653\/revisions"}],"up":[{"embeddable":true,"href":"https:\/\/satinfo.es\/web-wp\/index.php\/wp-json\/wp\/v2\/pages\/318"}],"wp:attachment":[{"href":"https:\/\/satinfo.es\/web-wp\/index.php\/wp-json\/wp\/v2\/media?parent=653"}],"curies":[{"name":"wp","href":"https:\/\/api.w.org\/{rel}","templated":true}]}}