

{"id":631,"date":"2012-03-02T15:51:29","date_gmt":"2012-03-02T14:51:29","guid":{"rendered":"http:\/\/satinfo.es\/web-wp\/?page_id=631"},"modified":"2026-04-13T10:12:26","modified_gmt":"2026-04-13T09:12:26","slug":"evaluaciones","status":"publish","type":"page","link":"https:\/\/satinfo.es\/web-wp\/index.php\/descargas\/evaluaciones\/","title":{"rendered":"EVALUACIONES"},"content":{"rendered":"<div class=\"wrapper\">\n<div class=\"one_third \"><h1>DESCARGAS<\/h1>\n<dl class=\"services\">\n<dt class=\"padding_descarga\"><a class=\"azul\" href=\"https:\/\/satinfo.es\/web-wp\/index.php\/descargas\/ficheros-dat-y-superdats-disponibles\/\">Ficheros DAT y SuperDats disponibles<\/a><\/dt>\n<dt class=\"padding_descarga\"><a class=\"azul\" href=\"..\/descarga-de-productos\">Descarga de productos Trellix<\/a><\/dt>\n<dt class=\"padding_descarga\"><a class=\"azul\" href=\"..\/evaluaciones\">Evaluaciones de Trellix<\/a><\/dt>\n<dt class=\"padding_descarga\"><a class=\"azul\" href=\"..\/descarga-de-productos-kaspersky\">Descarga de productos Kaspersky<\/a><\/dt>\n<dt class=\"padding_descarga\"><a class=\"azul\" href=\"..\/utilidades-de-satinfo\">Utilidades de Satinfo<\/a><\/dt>\n<dt class=\"padding_descarga\"><a class=\"azul\" href=\"..\/enlaces-de-interes\">Enlaces de Inter\u00e9s<\/a><\/dt>\n<\/dl><\/div> <div class=\"two_third last\"><h1>EVALUACIONES Trellix<\/h1>\n<h6>Por favor, cumplimente el formulario que aparece en pantalla. Los campos marcados con * son obligatorios.<\/h6>\n<script>jQuery(document).ready(function(){});<\/script><script type=\"text\/javascript\"> var xyz_cfm_date_format = \"d\/m\/Y\";function xyz_cfm_7_1_check(){var firstErrorId = \"\"; var xyz_cfm_client_error = 0;\nvar objRadio = document.forms[\"xyz_cfm_7_1\"].elements[\"particular\"];\nif(objRadio==null)\nobjRadio = document.forms[\"xyz_cfm_7_1\"].elements[\"particular[]\"];\nvar countRadio = objRadio.length;\nvar total = 0;\nif(countRadio){\nfor(var i = 0; i < countRadio; i++)\nif(objRadio[i].checked == true){\ntotal = total+1;\n}\n}else{\nif(objRadio.checked == true){\ntotal = total+1;\n}\n}\nif(total == 0){\ndocument.getElementById(\"radiobutton_particular_73_1\").innerHTML = \"Seleccione un bot\u00f3n de opci\u00f3n Atleast\";\nif(firstErrorId ==  \"\"){\nfirstErrorId = \n\"particular_73_1\";\n}\nxyz_cfm_client_error = 1;\n}else{\ndocument.getElementById(\"radiobutton_particular_73_1\").innerHTML = \"\";\n}var xyz_cfm_name_contacto_75_1 = document.getElementById(\"contacto_75_1\").value;\nif(xyz_cfm_name_contacto_75_1.trim() == \"\"){\ndocument.getElementById(\"text_contacto_75_1\").innerHTML = \"Rellene el campo de texto\";\nif(firstErrorId ==  \"\"){\nfirstErrorId = \n\"contacto_75_1\";\n}\nxyz_cfm_client_error = 1;\n}else{\ndocument.getElementById(\"text_contacto_75_1\").innerHTML = \"\";\n}var xyz_cfm_name_direccion_76_1 = document.getElementById(\"direccion_76_1\").value;\nif(xyz_cfm_name_direccion_76_1.trim() == \"\"){\ndocument.getElementById(\"text_direccion_76_1\").innerHTML = \"Rellene el campo de texto\";\nif(firstErrorId ==  \"\"){\nfirstErrorId = \n\"direccion_76_1\";\n}\nxyz_cfm_client_error = 1;\n}else{\ndocument.getElementById(\"text_direccion_76_1\").innerHTML = \"\";\n}var xyz_cfm_name_localidad_77_1 = document.getElementById(\"localidad_77_1\").value;\nif(xyz_cfm_name_localidad_77_1.trim() == \"\"){\ndocument.getElementById(\"text_localidad_77_1\").innerHTML = \"Rellene el campo de texto\";\nif(firstErrorId ==  \"\"){\nfirstErrorId = \n\"localidad_77_1\";\n}\nxyz_cfm_client_error = 1;\n}else{\ndocument.getElementById(\"text_localidad_77_1\").innerHTML = \"\";\n}var xyz_cfm_name_cp_78_1 = document.getElementById(\"cp_78_1\").value;\nif(xyz_cfm_name_cp_78_1.trim() == \"\"){\ndocument.getElementById(\"text_cp_78_1\").innerHTML = \"Rellene el campo de texto\";\nif(firstErrorId ==  \"\"){\nfirstErrorId = \n\"cp_78_1\";\n}\nxyz_cfm_client_error = 1;\n}else{\ndocument.getElementById(\"text_cp_78_1\").innerHTML = \"\";\n}var xyz_cfm_name_pais_79_1 = document.getElementById(\"pais_79_1\").value;\nif(xyz_cfm_name_pais_79_1.trim() == \"\"){\ndocument.getElementById(\"text_pais_79_1\").innerHTML = \"Rellene el campo de texto\";\nif(firstErrorId ==  \"\"){\nfirstErrorId = \n\"pais_79_1\";\n}\nxyz_cfm_client_error = 1;\n}else{\ndocument.getElementById(\"text_pais_79_1\").innerHTML = \"\";\n}var xyz_cfm_email_email_81_1 = jQuery.trim(document.getElementById(\"email_81_1\").value);\nif(xyz_cfm_email_email_81_1 != \"\"){\nvar reg = \/^([A-Za-z0-9_\\-\\.])+\\@([A-Za-z0-9_\\-\\.])+\\.([A-Za-z]{2,4})$\/;\nif(reg.test(xyz_cfm_email_email_81_1) == false) {\ndocument.getElementById(\"email_email_81_1\").innerHTML = \"S\u00edrvase proporcionar una direcci\u00f3n v\u00e1lida de correo electr\u00f3nico\";\nif(firstErrorId ==  \"\"){\nfirstErrorId = \n\"email_81_1\";\n}\nxyz_cfm_client_error = 1;\n}else{\ndocument.getElementById(\"email_email_81_1\").innerHTML = \"\";\n}\n}else if(xyz_cfm_email_email_81_1.trim() == \"\"){\ndocument.getElementById(\"email_email_81_1\").innerHTML = \"Rellenar campo de correo electr\u00f3nico\";\nif(firstErrorId ==  \"\"){\nfirstErrorId = \n\"email_81_1\";\n}\nxyz_cfm_client_error = 1;\n}else{\ndocument.getElementById(\"email_email_81_1\").innerHTML = \"\";\n}var name_pcs_82_1 = document.getElementById(\"pcs_82_1\").value;\nif(name_pcs_82_1 == \"\"){\ndocument.getElementById(\"dropdown_pcs_82_1\").innerHTML = \"Seleccione el campo desplegable\";\nif(firstErrorId ==  \"\"){\nfirstErrorId = \n\"pcs_82_1\";\n}\nxyz_cfm_client_error = 1;\n}else{\ndocument.getElementById(\"dropdown_pcs_82_1\").innerHTML = \"\";\n}\nvar objCheckBoxes = document.forms[\"xyz_cfm_7_1\"].elements[\"sos\"];\nif(objCheckBoxes==null)\nobjCheckBoxes = document.forms[\"xyz_cfm_7_1\"].elements[\"sos[]\"];\nvar countCheckBoxes = objCheckBoxes.length;\nvar total = 0;\nif(countCheckBoxes){\nfor(var i = 0; i < countCheckBoxes; i++)\nif(objCheckBoxes[i].checked == true){\ntotal = total+1;\n}\n}else{\nif(objCheckBoxes.checked == true){\ntotal = total+1;\n}\n}\nif(total == 0){\ndocument.getElementById(\"checkbox_sos_83_1\").innerHTML = \"Seleccione Atleast una casilla de verificaci\u00f3n\";\nif(firstErrorId ==  \"\"){\nfirstErrorId = \n\"sos_83_1\";\n}\nxyz_cfm_client_error = 1;\n}else{\ndocument.getElementById(\"checkbox_sos_83_1\").innerHTML = \"\";\n}\nif(xyz_cfm_client_error == 1){\nif(firstErrorId !=  \"\"){\ndocument.getElementById(firstErrorId).focus();\n}\nreturn false;\n}}<\/script>\n<div id=\"xyz_cfm_Evaluaciones_1_success\" style=\"background: #C8FCBB;  text-align: center;  border-radius: 15px; margin-bottom: 20px;\"><\/div>\n<form name=\"xyz_cfm_7_1\" method=\"POST\" id=\"xyz_cfm_7_1\" enctype=\"multipart\/form-data\" onSubmit=\"return xyz_cfm_7_1_check();\">\n<div class=\"xyz_cfm_theme_div_id_\"><table>\n<tbody>\n<tr>\n<td style=\"width: 45%;\">\n<p><div><input class=\"\" type=\"radio\" name=\"particular\"  value=\"Particular\" \/> Particular<input class=\"\" type=\"radio\" name=\"particular\"  value=\" Empresa\" \/>  Empresa<span style=\"color:red;\" id=\"particular_73_1\">*<\/span><\/div><div style=\"font-weight: normal;color:red;\" id=\"radiobutton_particular_73_1\"><\/div><\/p>\n<p>Nombre de empresa:\u00a0<\/p>\n<p><input  class=\"evaluaciones_form\"  type=\"text\" id=\"empresa_74_1\" name=\"empresa\"  value=\"\"  ><div style=\"font-weight: normal;color:red;\" id=\"text_empresa_74_1\"><\/div>\n<\/p>\n<p>Persona de contacto:\u00a0<\/p>\n<p><input  class=\"evaluaciones_form\"  type=\"text\" id=\"contacto_75_1\" name=\"contacto\"  value=\"\"  ><span style=\"color:red;\">*<\/span><div style=\"font-weight: normal;color:red;\" id=\"text_contacto_75_1\"><\/div>\n<\/p>\n<p>Direcci\u00f3n:\u00a0<\/p>\n<p><input  class=\"evaluaciones_form\"  type=\"text\" id=\"direccion_76_1\" name=\"direccion\"  value=\"\"  ><span style=\"color:red;\">*<\/span><div style=\"font-weight: normal;color:red;\" id=\"text_direccion_76_1\"><\/div>\n<\/p>\n<p>Localidad:\u00a0<\/p>\n<p><input  class=\"evaluaciones_form\"  type=\"text\" id=\"localidad_77_1\" name=\"localidad\"  value=\"\"  ><span style=\"color:red;\">*<\/span><div style=\"font-weight: normal;color:red;\" id=\"text_localidad_77_1\"><\/div>\n<\/p>\n<p>C\u00f3digo Postal:\u00a0<\/p>\n<p><input  class=\"evaluaciones_form\"  type=\"text\" id=\"cp_78_1\" name=\"cp\"  value=\"\"   maxlength=\"6\"><span style=\"color:red;\">*<\/span><div style=\"font-weight: normal;color:red;\" id=\"text_cp_78_1\"><\/div>\n<\/p>\n<p>Pa\u00eds:\u00a0<\/p>\n<p><input  class=\"evaluaciones_form\"  type=\"text\" id=\"pais_79_1\" name=\"pais\"  value=\"\"  ><span style=\"color:red;\">*<\/span><div style=\"font-weight: normal;color:red;\" id=\"text_pais_79_1\"><\/div>\n<\/p>\n<p>Tel\u00e9fono:\u00a0<\/p>\n<p><input  class=\"evaluaciones_form\"  type=\"text\" id=\"telefono_80_1\" name=\"telefono\"  value=\"\"  ><div style=\"font-weight: normal;color:red;\" id=\"text_telefono_80_1\"><\/div>\n<\/p>\n<p>Email:\u00a0<\/p>\n<p><input  class=\"evaluaciones_form\"  type=\"text\" id=\"email_81_1\" name=\"email\"  value=\"\"  ><span style=\"color:red;\">*<\/span><div style=\"font-weight: normal;color:red;\" id=\"email_email_81_1\"><\/div>\n<\/p>\n<\/td>\n<td style=\"width: 45%;\" valign=\"top\">\n<p>N\u00famero de ordenadores: :\u00a0<\/p>\n<p><select id=\"pcs_82_1\" name=\"pcs\" class=\"\" ><option value=\"\">Select<\/option><option value=\"1 a 5\">1 a 5<\/option><option value=\" 5 a 10\"> 5 a 10<\/option><option value=\" 10 a 20\"> 10 a 20<\/option><option value=\" 20 a 50\"> 20 a 50<\/option><option value=\" 50 a 100\"> 50 a 100<\/option><option value=\" M\u00e1s de 100\"> M\u00e1s de 100<\/option><\/select><span style=\"color:red;\">*<\/span><div style=\"font-weight: normal;color:red; \" id=\"dropdown_pcs_82_1\"><\/div><\/p>\n<p>SO\u00b4s utilizados:\u00a0<\/p>\n<p><div><input class=\"\" type=\"checkbox\"  name=\"sos[]\" value=\"Windows 7\" \/> Windows 7<input class=\"\" type=\"checkbox\"  name=\"sos[]\" value=\"Windows 8\" \/> Windows 8<input class=\"\" type=\"checkbox\"  name=\"sos[]\" value=\"Windows 10\" \/> Windows 10<input class=\"\" type=\"checkbox\"  name=\"sos[]\" value=\"Windows 11\" \/> Windows 11<input class=\"\" type=\"checkbox\"  name=\"sos[]\" value=\"Windows Server 2008R2\" \/> Windows Server 2008R2<input class=\"\" type=\"checkbox\"  name=\"sos[]\" value=\"Windows Server 2012\" \/> Windows Server 2012<input class=\"\" type=\"checkbox\"  name=\"sos[]\" value=\"Windows Server 2016\" \/> Windows Server 2016<input class=\"\" type=\"checkbox\"  name=\"sos[]\" value=\"Windows Server 2019\" \/> Windows Server 2019<input class=\"\" type=\"checkbox\"  name=\"sos[]\" value=\"Windows Server 2022\" \/> Windows Server 2022<input class=\"\" type=\"checkbox\"  name=\"sos[]\" value=\"Linux\" \/> Linux<input class=\"\" type=\"checkbox\"  name=\"sos[]\" value=\"Unix\" \/> Unix<input class=\"\" type=\"checkbox\"  name=\"sos[]\" value=\"Mac\" \/> Mac<input class=\"\" type=\"checkbox\"  name=\"sos[]\" value=\"Otro\" \/> Otro<span style=\"color:red;\" id=\"sos_83_1\">*<\/span><\/div><div style=\"font-weight: normal;color:red;\" id=\"checkbox_sos_83_1\"><\/div><\/p>\n<p>N\u00ba Servidores Windows:<\/p>\n<p><input  class=\"evaluaciones_form\"  type=\"text\" id=\"windows_84_1\" name=\"windows\"  value=\"\"  ><div style=\"font-weight: normal;color:red;\" id=\"text_windows_84_1\"><\/div>\n<\/p>\n<p>N\u00ba Servidores Linux:<\/p>\n<p><input  class=\"evaluaciones_form\"  type=\"text\" id=\"linux_85_1\" name=\"linux\"  value=\"\"  ><div style=\"font-weight: normal;color:red;\" id=\"text_linux_85_1\"><\/div>\n<\/p>\n<p>N\u00ba Servidores Unix:<\/p>\n<p><input  class=\"evaluaciones_form\"  type=\"text\" id=\"unix_86_1\" name=\"unix\"  value=\"\"  ><div style=\"font-weight: normal;color:red;\" id=\"text_unix_86_1\"><\/div>\n<\/p>\n<p>Productos de Inter\u00e9s:<\/p>\n<p><textarea   class=\"textAreaStyle  evaluaciones_form\"  id=\"productos_87_1\" name=\"productos\"   rows=\"3\" cols=\"18\"><\/textarea><div style=\"font-weight: normal;color:red;\" id=\"textarea_productos_87_1\"><\/div>\n<\/p>\n<p><div  class=\"g-recaptcha white\" data-sitekey=6LdPK9gSAAAAAN1XSADdKZnwAubJiY_xszV7JUf6   id=\"reCaptchaDiv_88_1\"  >\n<\/div><span style=\"color:red;\">*<\/span> <script type=\"text\/javascript\" src=\"\/\/www.google.com\/recaptcha\/api.js\" ><\/script><div style=\"font-weight: normal;color:red;\" id=\"captcha_captch_88_1\"><\/div><\/p>\n<p><input class=\"\"  type=\"submit\" name=\"submit\" id=\"submit_72_1\" value=\"Send\"  ><\/p>\n<\/td>\n<\/tr>\n<\/tbody>\n<\/table><\/div>\n<input type =\"hidden\" name=\"xyz_cfm_frmName_1\"  value=\"Evaluaciones\" >\n<\/form><\/div><div class=\"clear\"><\/div>\n<\/div>\n","protected":false},"excerpt":{"rendered":"","protected":false},"author":41,"featured_media":0,"parent":318,"menu_order":0,"comment_status":"open","ping_status":"open","template":"page-fullwidth.php","meta":{"_monsterinsights_skip_tracking":false,"_monsterinsights_sitenote_active":false,"_monsterinsights_sitenote_note":"","_monsterinsights_sitenote_category":0,"footnotes":""},"class_list":["post-631","page","type-page","status-publish","hentry"],"aioseo_notices":[],"_links":{"self":[{"href":"https:\/\/satinfo.es\/web-wp\/index.php\/wp-json\/wp\/v2\/pages\/631","targetHints":{"allow":["GET"]}}],"collection":[{"href":"https:\/\/satinfo.es\/web-wp\/index.php\/wp-json\/wp\/v2\/pages"}],"about":[{"href":"https:\/\/satinfo.es\/web-wp\/index.php\/wp-json\/wp\/v2\/types\/page"}],"author":[{"embeddable":true,"href":"https:\/\/satinfo.es\/web-wp\/index.php\/wp-json\/wp\/v2\/users\/41"}],"replies":[{"embeddable":true,"href":"https:\/\/satinfo.es\/web-wp\/index.php\/wp-json\/wp\/v2\/comments?post=631"}],"version-history":[{"count":0,"href":"https:\/\/satinfo.es\/web-wp\/index.php\/wp-json\/wp\/v2\/pages\/631\/revisions"}],"up":[{"embeddable":true,"href":"https:\/\/satinfo.es\/web-wp\/index.php\/wp-json\/wp\/v2\/pages\/318"}],"wp:attachment":[{"href":"https:\/\/satinfo.es\/web-wp\/index.php\/wp-json\/wp\/v2\/media?parent=631"}],"curies":[{"name":"wp","href":"https:\/\/api.w.org\/{rel}","templated":true}]}}