

{"id":1841,"date":"2012-06-20T13:45:04","date_gmt":"2012-06-20T12:45:04","guid":{"rendered":"http:\/\/satinfo.es\/web-wp\/?page_id=1841"},"modified":"2012-06-20T13:45:04","modified_gmt":"2012-06-20T12:45:04","slug":"ver-detalles-vbschdix","status":"publish","type":"page","link":"https:\/\/satinfo.es\/web-wp\/index.php\/descargas\/utilidades-de-satinfo\/l-z\/ver-detalles-vbschdix\/","title":{"rendered":"Ver detalles Vbschdix"},"content":{"rendered":"<p style=\"text-align: justify;\"><span style=\"color: #000000;\"><strong><span style=\"text-decoration: underline;\">PANTALLA DE INFORMACION UTILIDAD VBSHSFIX.EXE (CONTROL VBS Y SHS)<\/span><\/strong><\/span><\/p>\n<p style=\"text-align: justify;\"><span style=\"color: #000000;\">Desde el tristemente famoso virus LOVE LETTER, pasando por el\u00a0\u00a0Kournikova y llegando a nuestros d\u00edas con el VBS\/FUNDLL.a, son\u00a0\u00a0muchos los virus que viajan con ficheros anexados a un e-mail,con extensi\u00f3n VBS, aunque antes de ella se vea otra enga\u00f1osa, como DOC, TXT, etc, quedando relegada la real a segundo t\u00e9rmino, muchas veces distanciada con espacios respecto la primera, para que no sea vista por el usuario, quien convencido de recibir un DOC o un TXT, pulsa doble clic sobre el supuesto documento para leer su contenido, resultando ejecutar el c\u00f3digo VBS del virus.\u00a0<\/span><\/p>\n<p style=\"text-align: justify;\"><span style=\"color: #000000;\">Aunque en menor escala, existe la extensi\u00f3n SHS que tambi\u00e9n es utilizada algunas veces para camuflar un virus, como en su d\u00eda el STAGES y mas recientemente el PILA, empleando doble extensi\u00f3n, pero la \u00faltima SHS, un formato ejecutable de Microsoft que permite albergar gran variedad de objetos. \u00a0 \u00a0 \u00a0 \u00a0 \u00a0 \u00a0 \u00a0<\/span><\/p>\n<p style=\"text-align: justify;\"><span style=\"color: #000000;\">Por ello hemos potenciado la herramienta VBSFIX.EXE con la nueva VBSHSFIX.EXE, que, tras su ejecuci\u00f3n evitar\u00e1 la apertura, con doble clic, de ficheros VBS y SHS, pudiendo igualmente ejecutarlos pulsando bot\u00f3n derecho sobre el fichero y ABRIR.<\/span><\/p>\n","protected":false},"excerpt":{"rendered":"<p>PANTALLA DE INFORMACION UTILIDAD VBSHSFIX.EXE (CONTROL VBS Y SHS) Desde el tristemente famoso virus LOVE LETTER, pasando por el\u00a0\u00a0Kournikova y llegando a nuestros d\u00edas con el VBS\/FUNDLL.a, son\u00a0\u00a0muchos los virus que viajan con ficheros anexados a un e-mail,con extensi\u00f3n VBS, aunque antes de ella se vea otra enga\u00f1osa, como DOC, TXT, etc, quedando relegada la&nbsp;<a href=\"https:\/\/satinfo.es\/web-wp\/index.php\/descargas\/utilidades-de-satinfo\/l-z\/ver-detalles-vbschdix\/\" class=\"read-more\">Continue Reading<\/a><\/p>\n","protected":false},"author":41,"featured_media":0,"parent":706,"menu_order":0,"comment_status":"closed","ping_status":"open","template":"page-fullwidth.php","meta":{"_monsterinsights_skip_tracking":false,"_monsterinsights_sitenote_active":false,"_monsterinsights_sitenote_note":"","_monsterinsights_sitenote_category":0,"footnotes":""},"class_list":["post-1841","page","type-page","status-publish","hentry"],"aioseo_notices":[],"_links":{"self":[{"href":"https:\/\/satinfo.es\/web-wp\/index.php\/wp-json\/wp\/v2\/pages\/1841","targetHints":{"allow":["GET"]}}],"collection":[{"href":"https:\/\/satinfo.es\/web-wp\/index.php\/wp-json\/wp\/v2\/pages"}],"about":[{"href":"https:\/\/satinfo.es\/web-wp\/index.php\/wp-json\/wp\/v2\/types\/page"}],"author":[{"embeddable":true,"href":"https:\/\/satinfo.es\/web-wp\/index.php\/wp-json\/wp\/v2\/users\/41"}],"replies":[{"embeddable":true,"href":"https:\/\/satinfo.es\/web-wp\/index.php\/wp-json\/wp\/v2\/comments?post=1841"}],"version-history":[{"count":0,"href":"https:\/\/satinfo.es\/web-wp\/index.php\/wp-json\/wp\/v2\/pages\/1841\/revisions"}],"up":[{"embeddable":true,"href":"https:\/\/satinfo.es\/web-wp\/index.php\/wp-json\/wp\/v2\/pages\/706"}],"wp:attachment":[{"href":"https:\/\/satinfo.es\/web-wp\/index.php\/wp-json\/wp\/v2\/media?parent=1841"}],"curies":[{"name":"wp","href":"https:\/\/api.w.org\/{rel}","templated":true}]}}