

{"id":1831,"date":"2012-06-20T13:21:58","date_gmt":"2012-06-20T12:21:58","guid":{"rendered":"http:\/\/satinfo.es\/web-wp\/?page_id=1831"},"modified":"2012-06-20T13:21:58","modified_gmt":"2012-06-20T12:21:58","slug":"ver-detalles-undoflc","status":"publish","type":"page","link":"https:\/\/satinfo.es\/web-wp\/index.php\/descargas\/utilidades-de-satinfo\/l-z\/ver-detalles-undoflc\/","title":{"rendered":"Ver detalles Undoflc"},"content":{"rendered":"<p style=\"text-align: justify;\"><span style=\"color: #000000;\"><strong><span style=\"text-decoration: underline;\">PANTALLA DE INFORMACION SOBRE ELIMINACION VIRUS W32\/FUNLOVE.dr<\/span><\/strong><\/span><\/p>\n<p style=\"text-align: justify;\"><span style=\"color: #000000;\">El virus Funlove es un gusano que se propaga por redes compartidas a trav\u00e9s de la ejecuci\u00f3n del fichero FLCSS.EXE, pasando a infectar los ficheros EXE. OCX y SCR de los discos duros, desde C: hasta Z:, de la red, y en el siguiente arranque se infecta el EXPLORER.EXE, con lo cual el virus se propagar\u00e1 infectando todos los ficheros que se ejecuten a continuaci\u00f3n, a\u00f1adiendo 4099 bytes al final de cada fichero, con el contenido del FLCSS.EXE, con el texto caracter\u00edstico de \u00abFUN LOVING CRIMINAL\u00bb (FLC).<\/span><\/p>\n<p style=\"text-align: justify;\"><span style=\"color: #000000;\">Su eliminaci\u00f3n en Windows 9x no tiene mayor problema, arrancando desde DOS y pasando un SCAN \/CLEAN \/DEL C: D: E:, etc, y luego, con doble clic encima del fichero UNDOFLC.REG, eliminar la clave de su ejecuci\u00f3n, en el registro de sistema. \u00a0 \u00a0 \u00a0 \u00a0 \u00a0\u00a0\u00a0<\/span><\/p>\n<p style=\"text-align: justify;\"><span style=\"color: #000000;\">Para el caso de NT, es preciso detener servicios en uso y eliminar el gusano con el VIRUSCAN o manualmente, y a continuaci\u00f3n limpiar todos los ficheros infectados. Luego un doble clic sobre nuestra utilidad UNDOFLC.REG, restaurar\u00e1 el registro de sistema evitando ir a buscar el fichero gusano borrado, con el l\u00f3gico mensaje de error al no encontrarlo.<\/span><\/p>\n","protected":false},"excerpt":{"rendered":"<p>PANTALLA DE INFORMACION SOBRE ELIMINACION VIRUS W32\/FUNLOVE.dr El virus Funlove es un gusano que se propaga por redes compartidas a trav\u00e9s de la ejecuci\u00f3n del fichero FLCSS.EXE, pasando a infectar los ficheros EXE. OCX y SCR de los discos duros, desde C: hasta Z:, de la red, y en el siguiente arranque se infecta el&nbsp;<a href=\"https:\/\/satinfo.es\/web-wp\/index.php\/descargas\/utilidades-de-satinfo\/l-z\/ver-detalles-undoflc\/\" class=\"read-more\">Continue Reading<\/a><\/p>\n","protected":false},"author":41,"featured_media":0,"parent":706,"menu_order":0,"comment_status":"closed","ping_status":"open","template":"page-fullwidth.php","meta":{"_monsterinsights_skip_tracking":false,"_monsterinsights_sitenote_active":false,"_monsterinsights_sitenote_note":"","_monsterinsights_sitenote_category":0,"footnotes":""},"class_list":["post-1831","page","type-page","status-publish","hentry"],"aioseo_notices":[],"_links":{"self":[{"href":"https:\/\/satinfo.es\/web-wp\/index.php\/wp-json\/wp\/v2\/pages\/1831","targetHints":{"allow":["GET"]}}],"collection":[{"href":"https:\/\/satinfo.es\/web-wp\/index.php\/wp-json\/wp\/v2\/pages"}],"about":[{"href":"https:\/\/satinfo.es\/web-wp\/index.php\/wp-json\/wp\/v2\/types\/page"}],"author":[{"embeddable":true,"href":"https:\/\/satinfo.es\/web-wp\/index.php\/wp-json\/wp\/v2\/users\/41"}],"replies":[{"embeddable":true,"href":"https:\/\/satinfo.es\/web-wp\/index.php\/wp-json\/wp\/v2\/comments?post=1831"}],"version-history":[{"count":0,"href":"https:\/\/satinfo.es\/web-wp\/index.php\/wp-json\/wp\/v2\/pages\/1831\/revisions"}],"up":[{"embeddable":true,"href":"https:\/\/satinfo.es\/web-wp\/index.php\/wp-json\/wp\/v2\/pages\/706"}],"wp:attachment":[{"href":"https:\/\/satinfo.es\/web-wp\/index.php\/wp-json\/wp\/v2\/media?parent=1831"}],"curies":[{"name":"wp","href":"https:\/\/api.w.org\/{rel}","templated":true}]}}