

{"id":1769,"date":"2012-06-18T11:26:30","date_gmt":"2012-06-18T10:26:30","guid":{"rendered":"http:\/\/satinfo.es\/web-wp\/?page_id=1769"},"modified":"2012-06-18T11:26:30","modified_gmt":"2012-06-18T10:26:30","slug":"ver-detalles-reset","status":"publish","type":"page","link":"https:\/\/satinfo.es\/web-wp\/index.php\/descargas\/utilidades-de-satinfo\/l-z\/ver-detalles-reset\/","title":{"rendered":"Ver detalles Reset"},"content":{"rendered":"<p style=\"text-align: justify;\"><span style=\"color: #000000;\"><strong><span style=\"text-decoration: underline;\">PANTALLA DE EXPLICACIONES SOBRE UTILIDADES PARA REMOVER VSHIELD<\/span><\/strong><\/span><\/p>\n<p style=\"text-align: justify;\"><span style=\"color: #000000;\">Como es sabido, el VSHIELD no debe estar residente cuando se ejecuta GRABACION para grabar cada nueva versi\u00f3n. \u00a0 \u00a0 \u00a0 \u00a0 \u00a0 \u00a0 \u00a0\u00a0<\/span><\/p>\n<p style=\"text-align: justify;\"><span style=\"color: #000000;\">Si el VSHIELD figura al final del AUTOEXEC.BAT, bastar\u00e1 con entrar VSHIELD \/REMOVE para descargarlo de la memoria residente, pero si se ha cargado algun otro programa TSR despu\u00e9s, no podr\u00e1 descargarse de la memoria y precisar\u00e1 evitar cargarlo cuando se reinicialice el ordenador. \u00a0 \u00a0 \u00a0 \u00a0 \u00a0 \u00a0 \u00a0 \u00a0 \u00a0 \u00a0 \u00a0 \u00a0 \u00a0 \u00a0 \u00a0 \u00a0 \u00a0 \u00a0 \u00a0<\/span><\/p>\n<p style=\"text-align: justify;\"><span style=\"color: #000000;\">Para que el AUTOEXEC.BAT no cargue el VSHIELD al arrancar el equipo, incluimos el programa REMOVER.EXE que, tras ejecutarlo, descargar\u00e1 del AUTOEXEC.BAT la instrucci\u00f3n VSHIELD y resetear\u00e1 el ordenador, tras lo cual podr\u00e1 ejecutarse, desde A:, GRABACION, sin ning\u00fan problema al no estar el VSHIELD residente. \u00a0 \u00a0 \u00a0 \u00a0 \u00a0\u00a0<\/span><\/p>\n<p style=\"text-align: justify;\"><span style=\"color: #000000;\">Tras ejecutar GRABACION, podr\u00e1 restablecerse el AUTOEXEC entrando ORIGINAL, tras lo cual al rearrancar el ordenador, ya cargar\u00e1 el nuevo VSHIELD.<\/span><\/p>\n","protected":false},"excerpt":{"rendered":"<p>PANTALLA DE EXPLICACIONES SOBRE UTILIDADES PARA REMOVER VSHIELD Como es sabido, el VSHIELD no debe estar residente cuando se ejecuta GRABACION para grabar cada nueva versi\u00f3n. \u00a0 \u00a0 \u00a0 \u00a0 \u00a0 \u00a0 \u00a0\u00a0 Si el VSHIELD figura al final del AUTOEXEC.BAT, bastar\u00e1 con entrar VSHIELD \/REMOVE para descargarlo de la memoria residente, pero si se&nbsp;<a href=\"https:\/\/satinfo.es\/web-wp\/index.php\/descargas\/utilidades-de-satinfo\/l-z\/ver-detalles-reset\/\" class=\"read-more\">Continue Reading<\/a><\/p>\n","protected":false},"author":41,"featured_media":0,"parent":706,"menu_order":0,"comment_status":"closed","ping_status":"open","template":"page-fullwidth.php","meta":{"_monsterinsights_skip_tracking":false,"_monsterinsights_sitenote_active":false,"_monsterinsights_sitenote_note":"","_monsterinsights_sitenote_category":0,"footnotes":""},"class_list":["post-1769","page","type-page","status-publish","hentry"],"aioseo_notices":[],"_links":{"self":[{"href":"https:\/\/satinfo.es\/web-wp\/index.php\/wp-json\/wp\/v2\/pages\/1769","targetHints":{"allow":["GET"]}}],"collection":[{"href":"https:\/\/satinfo.es\/web-wp\/index.php\/wp-json\/wp\/v2\/pages"}],"about":[{"href":"https:\/\/satinfo.es\/web-wp\/index.php\/wp-json\/wp\/v2\/types\/page"}],"author":[{"embeddable":true,"href":"https:\/\/satinfo.es\/web-wp\/index.php\/wp-json\/wp\/v2\/users\/41"}],"replies":[{"embeddable":true,"href":"https:\/\/satinfo.es\/web-wp\/index.php\/wp-json\/wp\/v2\/comments?post=1769"}],"version-history":[{"count":0,"href":"https:\/\/satinfo.es\/web-wp\/index.php\/wp-json\/wp\/v2\/pages\/1769\/revisions"}],"up":[{"embeddable":true,"href":"https:\/\/satinfo.es\/web-wp\/index.php\/wp-json\/wp\/v2\/pages\/706"}],"wp:attachment":[{"href":"https:\/\/satinfo.es\/web-wp\/index.php\/wp-json\/wp\/v2\/media?parent=1769"}],"curies":[{"name":"wp","href":"https:\/\/api.w.org\/{rel}","templated":true}]}}