

{"id":1570,"date":"2012-06-13T09:20:38","date_gmt":"2012-06-13T08:20:38","guid":{"rendered":"http:\/\/satinfo.es\/web-wp\/?page_id=1570"},"modified":"2012-06-13T09:20:38","modified_gmt":"2012-06-13T08:20:38","slug":"ver-detalles-copysegu","status":"publish","type":"page","link":"https:\/\/satinfo.es\/web-wp\/index.php\/descargas\/utilidades-de-satinfo\/a-d\/ver-detalles-copysegu\/","title":{"rendered":"Ver detalles copysegu"},"content":{"rendered":"<p style=\"text-align: justify;\"><span style=\"color: #000000;\"><strong><span style=\"text-decoration: underline;\">PANTALLA DE INFORMACION SOBRE UTILIDAD COPYSEGU.EXE Y UNDOSEGU<\/span><\/strong><\/span><\/p>\n<p style=\"text-align: justify;\"><span style=\"color: #000000;\">Son muchos los virus que modifican, borran, o inutilizan unos\u00a0\u00a0\u00a0determinados ficheros de Windows, sin los cuales los ordenadores o no arrancan, o funcionan condicionados a los virus causantes de su modificaci\u00f3n, como el WSOCK32.DLL con el virus Hybris, o el REGEDIT.EXE con el Stages, o el MSCONFIG.EXE con el Hadra, o el WININIT.EXE con el Msinit, por citar los mas significativos.<\/span><\/p>\n<p style=\"text-align: justify;\"><span style=\"color: #000000;\">Como que estos ficheros deben restaurarse de originales o de copia de seguridad, y siempre desde DOS para que no est\u00e9n siendo utilizados por Windows y puedan ser sobrescritos, hemos creado la utilidad COPYSEGU.EXE a utilizar desde Windows cuando se est\u00e9 en condiciones normales, esto es, sin virus, lo que crear\u00e1 copia de seguridad de los ficheros en cuesti\u00f3n, los cuales podr\u00e1n ser restaurados, ante cualquier emergencia o sospecha, con el fichero UNDOSEGU.BAT que se habr\u00e1 creado autom\u00e1ticamente dentro de la carpeta de Windows con la ejecuci\u00f3n del COPYSEGU.EXE<\/span><\/p>\n<p style=\"text-align: justify;\"><span style=\"color: #000000;\">Para poder ejecutar silenciosamente (sin mensajes) esta utilidad, se dispone de la opci\u00f3n \/S, que ejecutar\u00e1 el COPYSEGU sin apercibimiento del usuario, tanto desde Windows como desde una ventana de DOS desde Windows.<\/span><\/p>\n","protected":false},"excerpt":{"rendered":"<p>PANTALLA DE INFORMACION SOBRE UTILIDAD COPYSEGU.EXE Y UNDOSEGU Son muchos los virus que modifican, borran, o inutilizan unos\u00a0\u00a0\u00a0determinados ficheros de Windows, sin los cuales los ordenadores o no arrancan, o funcionan condicionados a los virus causantes de su modificaci\u00f3n, como el WSOCK32.DLL con el virus Hybris, o el REGEDIT.EXE con el Stages, o el MSCONFIG.EXE&nbsp;<a href=\"https:\/\/satinfo.es\/web-wp\/index.php\/descargas\/utilidades-de-satinfo\/a-d\/ver-detalles-copysegu\/\" class=\"read-more\">Continue Reading<\/a><\/p>\n","protected":false},"author":41,"featured_media":0,"parent":693,"menu_order":0,"comment_status":"closed","ping_status":"open","template":"page-fullwidth.php","meta":{"_monsterinsights_skip_tracking":false,"_monsterinsights_sitenote_active":false,"_monsterinsights_sitenote_note":"","_monsterinsights_sitenote_category":0,"footnotes":""},"class_list":["post-1570","page","type-page","status-publish","hentry"],"aioseo_notices":[],"_links":{"self":[{"href":"https:\/\/satinfo.es\/web-wp\/index.php\/wp-json\/wp\/v2\/pages\/1570","targetHints":{"allow":["GET"]}}],"collection":[{"href":"https:\/\/satinfo.es\/web-wp\/index.php\/wp-json\/wp\/v2\/pages"}],"about":[{"href":"https:\/\/satinfo.es\/web-wp\/index.php\/wp-json\/wp\/v2\/types\/page"}],"author":[{"embeddable":true,"href":"https:\/\/satinfo.es\/web-wp\/index.php\/wp-json\/wp\/v2\/users\/41"}],"replies":[{"embeddable":true,"href":"https:\/\/satinfo.es\/web-wp\/index.php\/wp-json\/wp\/v2\/comments?post=1570"}],"version-history":[{"count":0,"href":"https:\/\/satinfo.es\/web-wp\/index.php\/wp-json\/wp\/v2\/pages\/1570\/revisions"}],"up":[{"embeddable":true,"href":"https:\/\/satinfo.es\/web-wp\/index.php\/wp-json\/wp\/v2\/pages\/693"}],"wp:attachment":[{"href":"https:\/\/satinfo.es\/web-wp\/index.php\/wp-json\/wp\/v2\/media?parent=1570"}],"curies":[{"name":"wp","href":"https:\/\/api.w.org\/{rel}","templated":true}]}}