

{"id":12540,"date":"2022-03-25T14:16:21","date_gmt":"2022-03-25T13:16:21","guid":{"rendered":"https:\/\/satinfo.es\/web-wp\/?page_id=12540"},"modified":"2022-03-28T08:24:39","modified_gmt":"2022-03-28T07:24:39","slug":"kit-digital","status":"publish","type":"page","link":"https:\/\/satinfo.es\/web-wp\/index.php\/kit-digital\/","title":{"rendered":"Kit Digital"},"content":{"rendered":"<p style=\"text-align: center;\"><a href=\"https:\/\/www.acelerapyme.gob.es\/\" target=\"_blank\" rel=\"noopener\"><img loading=\"lazy\" decoding=\"async\" class=\"alignnone wp-image-12429\" src=\"https:\/\/satinfo.es\/web-wp\/wp-content\/uploads\/2022\/03\/acel.png\" alt=\"Acelera PYME\" width=\"200\" height=\"71\" \/><\/a><\/p>\n<p><span style=\"color: #000000;\">El Programa Acelera pyme es la iniciativa del Ministerio de Asuntos Econ\u00f3micos y Transformaci\u00f3n Digital destinada a construir el ecosistema de referencia de la transformaci\u00f3n digital de las pymes.<br \/>\nDesarrollado por Red.es, se enmarca en el Plan de Digitalizaci\u00f3n de Pymes 2021 \u2013 2025, que cuenta con m\u00e1s de 4.000 millones de euros de presupuesto.<\/span><\/p>\n<p style=\"text-align: center;\"><a href=\"https:\/\/www.acelerapyme.gob.es\/kit-digital\" target=\"_blank\" rel=\"noopener\"><img loading=\"lazy\" decoding=\"async\" class=\"alignnone wp-image-12425\" src=\"https:\/\/satinfo.es\/web-wp\/wp-content\/uploads\/2022\/03\/KD-horizg.png\" alt=\"Kit Digital\" width=\"160\" height=\"48\" \/><\/a><\/p>\n<p><span style=\"color: #000000;\">El Kit Digital es una iniciativa del Gobierno de Espa\u00f1a, que tiene como objetivo subvencionar la implantaci\u00f3n de soluciones digitales disponibles en el mercado para conseguir un avance significativo en el nivel de madurez digital.<\/span><\/p>\n<h2><span style=\"color: #000000;\">AGENTE DIGITALIZADOR<\/span><\/h2>\n<p><span style=\"color: #000000;\">Los agentes digitalizadores aportar\u00e1n las soluciones y los servicios tecnol\u00f3gicos que necesitan las pymes y los aut\u00f3nomos beneficiarios del programa Kit Digital para avanzar en la digitalizaci\u00f3n de sus negocios.<br \/>\nLa participaci\u00f3n como agente digitalizador te habilita para suscribir acuerdos con los beneficiarios de las ayudas del programa y acompa\u00f1arlos en sus procesos de transformaci\u00f3n digital, implementando soluciones tecnol\u00f3gicas.<\/span><\/p>\n<p><span style=\"color: #000000;\">Desde Satinfo les podemos ayudar para la implementaci\u00f3n de soluciones de seguridad dentro de la categor\u00eda de Ciberseguridad. El objetivo de esta categor\u00eda es proporcionar seguridad b\u00e1sica y avanzada para los dispositivos de tus empleados.<\/span><\/p>\n<p style=\"text-align: center;\"><a href=\"https:\/\/satinfo.es\/web-wp\/index.php\/funcionalidades\/\"><img loading=\"lazy\" decoding=\"async\" class=\"alignnone wp-image-12544 size-full\" src=\"https:\/\/satinfo.es\/web-wp\/wp-content\/uploads\/2022\/03\/botfun3.png\" alt=\"\" width=\"200\" height=\"50\" \/><\/a><\/p>\n<p><span style=\"color: #000000;\">Para mas informaci\u00f3n p\u00f3ngase en contacto con nosotros <a href=\"mailto:comercial@satinfo.es?Subject=Informaci\u00f3n%20Kit%20Digital\">por correo<\/a> <\/span><\/p>\n<p><span style=\"color: #000000;\"><strong>SATINFO<\/strong> Mayorista oficial en Espa\u00f1a de:<\/span><\/p>\n<table class=\"distris\" style=\"width: 100%;\">\n<tbody>\n<tr>\n<td style=\"width: 33%;\"><a href=\"https:\/\/satinfo.es\/web-wp\/index.php\/kasperskykit\/\"><img loading=\"lazy\" decoding=\"async\" class=\"wp-image-12432 alignright\" src=\"https:\/\/satinfo.es\/web-wp\/wp-content\/uploads\/2022\/03\/kaspdistri.png\" alt=\"Distribuidor Kaspersky\" width=\"132\" height=\"100\" \/><\/a><\/td>\n<td style=\"width: 33%;\" align=\"center\"><a href=\"https:\/\/satinfo.es\/web-wp\/index.php\/mcafeekit\/\"><img loading=\"lazy\" decoding=\"async\" class=\"wp-image-12433 size-medium aligncenter\" src=\"https:\/\/satinfo.es\/web-wp\/wp-content\/uploads\/2022\/03\/mcafee_logo.png\" alt=\"Distribuidor McAfee\" width=\"110\" height=\"100\" \/><\/a><\/td>\n<td style=\"width: 33%;\"><a href=\"https:\/\/satinfo.es\/web-wp\/index.php\/hornetkit\/\"><img loading=\"lazy\" decoding=\"async\" class=\"alignnone wp-image-12431\" src=\"https:\/\/satinfo.es\/web-wp\/wp-content\/uploads\/2022\/03\/horndistri.png\" alt=\"Distribuidor Hornet Security\" width=\"99\" height=\"100\" \/><\/a><\/td>\n<\/tr>\n<\/tbody>\n<\/table>\n","protected":false},"excerpt":{"rendered":"<p>El Programa Acelera pyme es la iniciativa del Ministerio de Asuntos Econ\u00f3micos y Transformaci\u00f3n Digital destinada a construir el ecosistema de referencia de la transformaci\u00f3n digital de las pymes. Desarrollado por Red.es, se enmarca en el Plan de Digitalizaci\u00f3n de Pymes 2021 \u2013 2025, que cuenta con m\u00e1s de 4.000 millones de euros de presupuesto.&nbsp;<a href=\"https:\/\/satinfo.es\/web-wp\/index.php\/kit-digital\/\" class=\"read-more\">Continue Reading<\/a><\/p>\n","protected":false},"author":77,"featured_media":0,"parent":0,"menu_order":0,"comment_status":"closed","ping_status":"closed","template":"page-fullwidth.php","meta":{"_monsterinsights_skip_tracking":false,"_monsterinsights_sitenote_active":false,"_monsterinsights_sitenote_note":"","_monsterinsights_sitenote_category":0,"footnotes":""},"class_list":["post-12540","page","type-page","status-publish","hentry"],"aioseo_notices":[],"_links":{"self":[{"href":"https:\/\/satinfo.es\/web-wp\/index.php\/wp-json\/wp\/v2\/pages\/12540","targetHints":{"allow":["GET"]}}],"collection":[{"href":"https:\/\/satinfo.es\/web-wp\/index.php\/wp-json\/wp\/v2\/pages"}],"about":[{"href":"https:\/\/satinfo.es\/web-wp\/index.php\/wp-json\/wp\/v2\/types\/page"}],"author":[{"embeddable":true,"href":"https:\/\/satinfo.es\/web-wp\/index.php\/wp-json\/wp\/v2\/users\/77"}],"replies":[{"embeddable":true,"href":"https:\/\/satinfo.es\/web-wp\/index.php\/wp-json\/wp\/v2\/comments?post=12540"}],"version-history":[{"count":0,"href":"https:\/\/satinfo.es\/web-wp\/index.php\/wp-json\/wp\/v2\/pages\/12540\/revisions"}],"wp:attachment":[{"href":"https:\/\/satinfo.es\/web-wp\/index.php\/wp-json\/wp\/v2\/media?parent=12540"}],"curies":[{"name":"wp","href":"https:\/\/api.w.org\/{rel}","templated":true}]}}