

{"id":106,"date":"2012-02-09T11:58:47","date_gmt":"2012-02-09T10:58:47","guid":{"rendered":"http:\/\/persuadis.net\/blog\/?page_id=106"},"modified":"2016-07-05T09:11:05","modified_gmt":"2016-07-05T08:11:05","slug":"que-hacemos","status":"publish","type":"page","link":"https:\/\/satinfo.es\/web-wp\/index.php\/que-hacemos\/","title":{"rendered":"QUE HACEMOS"},"content":{"rendered":"<div class=\"wrapper indent-bottom\" style=\"text-align: justify;\">\n<div class=\"two_third \"><h1>\u00bfQU\u00c9 HACEMOS?<\/h1>\n<p style=\"text-align: justify;\"><a href=\"https:\/\/satinfo.es\/web-wp\/wp-content\/uploads\/2012\/05\/SATINFO-047-e1336465670191.jpg\"><img loading=\"lazy\" decoding=\"async\" class=\"alignleft size-full wp-image-1209\" title=\"SATINFO 047\" src=\"https:\/\/satinfo.es\/web-wp\/wp-content\/uploads\/2012\/05\/SATINFO-047-e1336465670191.jpg\" alt=\"\" width=\"250\" height=\"187\" \/><\/a><span style=\"color: #000000;\">Dado el constante incremento de ordenadores personales y de las comunicaciones entre ellos, especialmente desde el \u00abboom\u00bb de Internet, la proliferaci\u00f3n de los virus ha hecho preciso disponer de un <strong>servicio de asesoramiento t\u00e9cnico<\/strong> que ofrezca la m\u00e1xima experiencia en dicho campo. Gracias a una especializaci\u00f3n de t\u00e9cnicos cualificados, con lo que ofrecer garant\u00eda de seguridad inform\u00e1tica sobre todos los virus conocidos, con soluciones sobre los problemas ocasionados por virus o ante su simple detecci\u00f3n, as\u00ed como an\u00e1lisis de posibles virus desconocidos y b\u00fasqueda de soluciones aplicables.<\/span><\/p>\n<p style=\"text-align: justify;\"><span style=\"color: #000000;\">SATINFO ofrece el servicio indispensable para que todo usuario pueda recibir no s\u00f3lo el <strong>software de base<\/strong> necesario sino las instrucciones, pantallas de ayuda y asesoramiento para una correcta utilizaci\u00f3n del software antivirus en cada caso. Lo complementan los programas internacionales con <strong>utilidades<\/strong> propias que permiten solucionar cada caso, adem\u00e1s del <strong>env\u00edo mensual de actualizaciones<\/strong> para mantener a los asociados permanentemente al d\u00eda en el control antivirus.<\/span><\/p>\n<p style=\"text-align: justify;\"><span style=\"color: #000000;\">Un t\u00e1ndem imprescindible es\u00a0el de\u00a0nuestros t\u00e9cnicos y el software utilizado. El respaldo de la mayor estructura t\u00e9cnica existente en el sector y nuestro conocimiento profundo de los incidentes del d\u00eda a d\u00eda, nos proporcionan la experiencia indispensable para poder solucionar los problemas que puedan surgir a los usuarios, en sus diferentes configuraciones y distintas aplicaciones, tan variadas como numerosas.<\/span><\/p>\n<p style=\"text-align: justify;\"><span style=\"color: #000000;\">Desde nuestra web se pueden obtener <strong>versiones de evaluaci\u00f3n as\u00ed como actualizaciones licenciadas<\/strong> para nuestros usuarios registrados. Para quienes no disponen de acceso a Internet, se ofrece una v\u00eda m\u00e1s para informaci\u00f3n, evaluaci\u00f3n, compra y actualizaciones de los programas y servicios que ofrece SATINFO a los usuarios de la inform\u00e1tica personal y profesional.<\/span><\/p>\n<div>\n<ul>\n<li><a href=\"empresa-3\/\">HISTORIA<\/a><\/li>\n<li><a href=\"https:\/\/satinfo.es\/web-wp\/index.php\/en-la-actualidad-2\/\">EN LA ACTUALIDAD<\/a><\/li>\n<\/ul>\n<\/div><\/div> <div class=\"one_third last\"><h1>TRABAJA CON NOSOTROS<\/h1>\n<dl>\n<dt>\u00bfDeseas trabajar con nosotros?<\/dt>\n<dd><span style=\"color: #000000;\">Ante todo, gracias por confiar en Satinfo como empresa para desarrollar su carrera profesional. Si quiere unirse a nuestro equipo, deje su CV y lo tendremos en cuenta para futuros procesos de selecci\u00f3n.\u00a0<\/span><\/dd>\n<dd><\/dd>\n<dd><\/dd>\n<\/dl>\n<div class=\"link-3\"><a href=\"..\/empresa-3\/trabaja-con-nosotros\/\">Envianos tu curr\u00edculum<\/a><\/div><\/div><div class=\"clear\"><\/div>\n<\/div>\n","protected":false},"excerpt":{"rendered":"","protected":false},"author":41,"featured_media":0,"parent":0,"menu_order":0,"comment_status":"closed","ping_status":"closed","template":"page-fullwidth.php","meta":{"_monsterinsights_skip_tracking":false,"_monsterinsights_sitenote_active":false,"_monsterinsights_sitenote_note":"","_monsterinsights_sitenote_category":0,"footnotes":""},"class_list":["post-106","page","type-page","status-publish","hentry"],"aioseo_notices":[],"_links":{"self":[{"href":"https:\/\/satinfo.es\/web-wp\/index.php\/wp-json\/wp\/v2\/pages\/106","targetHints":{"allow":["GET"]}}],"collection":[{"href":"https:\/\/satinfo.es\/web-wp\/index.php\/wp-json\/wp\/v2\/pages"}],"about":[{"href":"https:\/\/satinfo.es\/web-wp\/index.php\/wp-json\/wp\/v2\/types\/page"}],"author":[{"embeddable":true,"href":"https:\/\/satinfo.es\/web-wp\/index.php\/wp-json\/wp\/v2\/users\/41"}],"replies":[{"embeddable":true,"href":"https:\/\/satinfo.es\/web-wp\/index.php\/wp-json\/wp\/v2\/comments?post=106"}],"version-history":[{"count":0,"href":"https:\/\/satinfo.es\/web-wp\/index.php\/wp-json\/wp\/v2\/pages\/106\/revisions"}],"wp:attachment":[{"href":"https:\/\/satinfo.es\/web-wp\/index.php\/wp-json\/wp\/v2\/media?parent=106"}],"curies":[{"name":"wp","href":"https:\/\/api.w.org\/{rel}","templated":true}]}}