

{"id":1007,"date":"2012-04-12T11:02:06","date_gmt":"2012-04-12T10:02:06","guid":{"rendered":"http:\/\/satinfo.es\/web-wp\/?page_id=1007"},"modified":"2012-04-13T13:00:35","modified_gmt":"2012-04-13T12:00:35","slug":"mcafee-lanza-una-herramienta-de-seguridad-gratuita-para-mysql","status":"publish","type":"page","link":"https:\/\/satinfo.es\/web-wp\/index.php\/mcafee-lanza-una-herramienta-de-seguridad-gratuita-para-mysql\/","title":{"rendered":"McAfee lanza una herramienta de seguridad gratuita para MySQL"},"content":{"rendered":"<h2 style=\"text-align: justify;\">McAfee lanza una herramienta de seguridad gratuita para MySQL (ITespresso, 27 mar 12)<\/h2>\n<p style=\"text-align: justify;\"><span style=\"color: #000000;\">McAfee ha lanzado una herramienta de seguridad gratuita que permitir\u00e1 a las empresas revisar sus bases de datos con el objetivo de descubrir posibles problemas de seguridad y cumplimiento.<\/span><\/p>\n<p style=\"text-align: justify;\"><span style=\"color: #000000;\">La herramienta, que se ofrece de manera gratuita, se lanzar\u00e1 como un plugin de c\u00f3digo abierto.<\/span><\/p>\n<p style=\"text-align: justify;\"><span style=\"color: #000000;\">Dise\u00f1ada inicialmente para pymes, McAfee asegura que la herramienta tambi\u00e9n podr\u00eda utilizarse en grandes corporaciones como parte de sus plataformas de auditor\u00eda. Aunque la herramienta se est\u00e1 ofreciendo de manera gratuita, McAfee tambi\u00e9n est\u00e1 utilizando el lanzamiento para promocionar las virtudes de su suite de seguridad de base de datos. De forma que asegura que cuando se utiliza con McAfee Database Activity Monitoring para MySQL, los datos est\u00e1n sujetos a las mismas pol\u00edticas y an\u00e1lisis en tiempo real que los datos recogidos desde otras bases de datos soportadas.<\/span><\/p>\n<p style=\"text-align: justify;\"><span style=\"color: #000000;\">La herramienta pretender solucionar los problemas de vulnerabilidades de inyecci\u00f3n SQL, cada vez m\u00e1s populares entre los ciberdelincuentes. Quiz\u00e1 uno de los incidentes m\u00e1s recordados y de mayor alcance fue el ataque contra Sony en 2011 que afect\u00f3 a m\u00e1s de 100 millones de sus clientes.<\/span><\/p>\n","protected":false},"excerpt":{"rendered":"<p>McAfee lanza una herramienta de seguridad gratuita para MySQL (ITespresso, 27 mar 12) McAfee ha lanzado una herramienta de seguridad gratuita que permitir\u00e1 a las empresas revisar sus bases de datos con el objetivo de descubrir posibles problemas de seguridad y cumplimiento. La herramienta, que se ofrece de manera gratuita, se lanzar\u00e1 como un plugin&nbsp;<a href=\"https:\/\/satinfo.es\/web-wp\/index.php\/mcafee-lanza-una-herramienta-de-seguridad-gratuita-para-mysql\/\" class=\"read-more\">Continue Reading<\/a><\/p>\n","protected":false},"author":41,"featured_media":0,"parent":0,"menu_order":0,"comment_status":"closed","ping_status":"open","template":"page-fullwidth.php","meta":{"_monsterinsights_skip_tracking":false,"_monsterinsights_sitenote_active":false,"_monsterinsights_sitenote_note":"","_monsterinsights_sitenote_category":0,"footnotes":""},"class_list":["post-1007","page","type-page","status-publish","hentry"],"aioseo_notices":[],"_links":{"self":[{"href":"https:\/\/satinfo.es\/web-wp\/index.php\/wp-json\/wp\/v2\/pages\/1007","targetHints":{"allow":["GET"]}}],"collection":[{"href":"https:\/\/satinfo.es\/web-wp\/index.php\/wp-json\/wp\/v2\/pages"}],"about":[{"href":"https:\/\/satinfo.es\/web-wp\/index.php\/wp-json\/wp\/v2\/types\/page"}],"author":[{"embeddable":true,"href":"https:\/\/satinfo.es\/web-wp\/index.php\/wp-json\/wp\/v2\/users\/41"}],"replies":[{"embeddable":true,"href":"https:\/\/satinfo.es\/web-wp\/index.php\/wp-json\/wp\/v2\/comments?post=1007"}],"version-history":[{"count":0,"href":"https:\/\/satinfo.es\/web-wp\/index.php\/wp-json\/wp\/v2\/pages\/1007\/revisions"}],"wp:attachment":[{"href":"https:\/\/satinfo.es\/web-wp\/index.php\/wp-json\/wp\/v2\/media?parent=1007"}],"curies":[{"name":"wp","href":"https:\/\/api.w.org\/{rel}","templated":true}]}}